{"id":91,"date":"2020-01-05T16:47:09","date_gmt":"2020-01-05T16:47:09","guid":{"rendered":"https:\/\/werner.nico-wehnemann.de\/?page_id=21"},"modified":"2026-01-31T07:16:11","modified_gmt":"2026-01-31T06:16:11","slug":"aktivitaeten-termine","status":"publish","type":"page","link":"https:\/\/www.werner-raetz.de\/?page_id=91","title":{"rendered":"Aktivit\u00e4ten\/Termine"},"content":{"rendered":"<div id=\"con-mitte-left\">\n<div id=\"c447\" class=\"csc-default\">\n<p>Hier stehen Arbeitstermine von Gruppen oder Gremien, denen ich angeh\u00f6re und die \u00f6ffentlich sind. Wir freuen uns dort immer \u00fcber neue Leute, die interessiert sind oder vielleicht sogar mitarbeiten wollen.<\/p>\n<\/div>\n<\/div>\n<div id=\"con-mitte-left\">\n<div id=\"c385\" class=\"csc-default\">\n<p><a href=\"https:\/\/www.ila-web.de\/\">ila<\/a> Heerstr. 205, 53111 Bonn, Treffen voraussichtlich am Dienstag, den 3. Februar 2026 um 19.00 Uhr<\/p>\n<\/div>\n<p>Attac-AG genug f\u00fcr alle Bonn, Treffen jeden letzten Dienstag im Monat um 19.00 Uhr im DGB-Haus, Endenicher Stra\u00dfe 127, 53115 Bonn; das n\u00e4chste Mal am 24.2.2026<\/p>\n<div id=\"c385\" class=\"csc-default\">\n<p>&nbsp;<\/p>\n<\/div>\n<\/div>\n","protected":false},"excerpt":{"rendered":"<p>Hier stehen Arbeitstermine von Gruppen oder Gremien, denen ich angeh\u00f6re und die \u00f6ffentlich sind. Wir freuen uns dort immer \u00fcber neue Leute, die interessiert sind oder vielleicht sogar mitarbeiten wollen. ila Heerstr. 205, 53111 Bonn, Treffen voraussichtlich am Dienstag, den 3. Februar 2026 um 19.00 Uhr Attac-AG genug f\u00fcr alle Bonn, Treffen jeden letzten Dienstag&#8230;<\/p>\n","protected":false},"author":2,"featured_media":0,"parent":89,"menu_order":0,"comment_status":"closed","ping_status":"closed","template":"","meta":{"footnotes":""},"class_list":["post-91","page","type-page","status-publish","hentry"],"_links":{"self":[{"href":"https:\/\/www.werner-raetz.de\/index.php?rest_route=\/wp\/v2\/pages\/91","targetHints":{"allow":["GET"]}}],"collection":[{"href":"https:\/\/www.werner-raetz.de\/index.php?rest_route=\/wp\/v2\/pages"}],"about":[{"href":"https:\/\/www.werner-raetz.de\/index.php?rest_route=\/wp\/v2\/types\/page"}],"author":[{"embeddable":true,"href":"https:\/\/www.werner-raetz.de\/index.php?rest_route=\/wp\/v2\/users\/2"}],"replies":[{"embeddable":true,"href":"https:\/\/www.werner-raetz.de\/index.php?rest_route=%2Fwp%2Fv2%2Fcomments&post=91"}],"version-history":[{"count":85,"href":"https:\/\/www.werner-raetz.de\/index.php?rest_route=\/wp\/v2\/pages\/91\/revisions"}],"predecessor-version":[{"id":4412,"href":"https:\/\/www.werner-raetz.de\/index.php?rest_route=\/wp\/v2\/pages\/91\/revisions\/4412"}],"up":[{"embeddable":true,"href":"https:\/\/www.werner-raetz.de\/index.php?rest_route=\/wp\/v2\/pages\/89"}],"wp:attachment":[{"href":"https:\/\/www.werner-raetz.de\/index.php?rest_route=%2Fwp%2Fv2%2Fmedia&parent=91"}],"curies":[{"name":"wp","href":"https:\/\/api.w.org\/{rel}","templated":true}]}}

Aktivitäten/Termine

<div id="con-mitte-left">
<div id="c447" class="csc-default">
<p>Hier stehen Arbeitstermine von Gruppen oder Gremien, denen ich angehöre und die öffentlich sind. Wir freuen uns dort immer über neue Leute, die interessiert sind oder vielleicht sogar mitarbeiten wollen.</p>
</div>
</div>
<div id="con-mitte-left">
<div id="c385" class="csc-default">
<p><a href="https://www.ila-web.de/">ila</a> Heerstr. 205, 53111 Bonn, Treffen voraussichtlich am Dienstag, den 3. Februar 2026 um 19.00 Uhr</p>
</div>
<p>Attac-AG genug für alle Bonn, Treffen jeden letzten Dienstag im Monat um 19.00 Uhr im DGB-Haus, Endenicher Straße 127, 53115 Bonn; das nächste Mal am 24.2.2026</p>
<div id="c385" class="csc-default">
<p>&nbsp;</p>
</div>
</div>

<p>Hier stehen Arbeitstermine von Gruppen oder Gremien, denen ich angehöre und die öffentlich sind. Wir freuen uns dort immer über neue Leute, die interessiert sind oder vielleicht sogar mitarbeiten wollen. ila Heerstr. 205, 53111 Bonn, Treffen voraussichtlich am Dienstag, den 3. Februar 2026 um 19.00 Uhr Attac-AG genug für alle Bonn, Treffen jeden letzten Dienstag&#8230;</p>
