{"id":89,"date":"2020-01-05T16:46:15","date_gmt":"2020-01-05T16:46:15","guid":{"rendered":"https:\/\/werner.nico-wehnemann.de\/?page_id=19"},"modified":"2025-12-10T15:34:32","modified_gmt":"2025-12-10T14:34:32","slug":"der-aktivist","status":"publish","type":"page","link":"https:\/\/www.werner-raetz.de\/?page_id=89","title":{"rendered":"Der Aktivist"},"content":{"rendered":"<div id=\"con-mitte-left\">\n<div id=\"c234\" class=\"csc-default\">\n<h1>Die neueste ila<\/h1>\n<div class=\"csc-textpic-text\">\n<p>hat den Schwerpunkt &#8222;<a href=\"https:\/\/www.ila-web.de\/de\">CRIC<\/a> &#8211; undigene Bewegung des Cauca&#8220; . Die letzte hatte den Schwerpunkt &#8222;<a href=\"https:\/\/www.ila-web.de\/de\/editions\/359\">Suriname<\/a>&#8222;, die n\u00e4chste &#8222;Humor&#8220; und erscheint Ende der 50. KW 2025<\/p>\n<p>&nbsp;<\/p>\n<\/div>\n<\/div>\n<\/div>\n<div id=\"con-mitte-left\">\n<div id=\"c390\" class=\"csc-default\">\n<h1>Attac AG genug f\u00fcr alle<\/h1>\n<p>Videokonferenz jeden ersten Montag im Monat um 19.00 Uhr, die n\u00e4chste am Montag, den 5. Januar 2026<\/p>\n<\/div>\n<\/div>\n<p>&nbsp;<\/p>\n<h1>Attac-Kampagne Rohstoffenergiehunger<\/h1>\n<p>trifft sich alle 14 Tage\u00a0 mittwochs online um 17.00 Uhr, das n\u00e4chste Mal am 7. Januar 2026<\/p>\n<p>Genaueres <a href=\"https:\/\/www.attac.de\/kampagnen\/lithium-raub\">hier<\/a><\/p>\n<p>&nbsp;<\/p>\n<div id=\"con-mitte-left\">\n<div id=\"c391\" class=\"csc-default\">\n<h1>Attac AG Mobilit\u00e4t f\u00fcr alle<\/h1>\n<p><a class=\"external-link-new-window\" title=\"Opens external link in new window\" href=\"http:\/\/www.attac-netzwerk.de\/jenseits-des-wachstums\/\" target=\"_blank\" rel=\"noopener noreferrer\">Web<\/a><\/p>\n<p>&nbsp;<\/p>\n<\/div>\n<\/div>\n<div id=\"con-mitte-left\">\n<div id=\"c466\" class=\"csc-default\">\n<h1>Attac AG Soziale Sicherungssysteme<\/h1>\n<p>VK auf Verabredung<\/p>\n<\/div>\n<\/div>\n<div id=\"con-mitte-left\">\n<div id=\"c671\" class=\"csc-default\">\n<h1>Aktuelles<\/h1>\n<p>Die <a href=\"https:\/\/www.ila-web.de\/de\">ila-Webseite<\/a> ist v\u00f6llig \u00fcberarbeitet und neu gestaltet<\/p>\n<p>&nbsp;<\/p>\n<\/div>\n<\/div>\n","protected":false},"excerpt":{"rendered":"<p>Die neueste ila hat den Schwerpunkt &#8222;CRIC &#8211; undigene Bewegung des Cauca&#8220; . Die letzte hatte den Schwerpunkt &#8222;Suriname&#8222;, die n\u00e4chste &#8222;Humor&#8220; und erscheint Ende der 50. KW 2025 &nbsp; Attac AG genug f\u00fcr alle Videokonferenz jeden ersten Montag im Monat um 19.00 Uhr, die n\u00e4chste am Montag, den 5. Januar 2026 &nbsp; Attac-Kampagne Rohstoffenergiehunger&#8230;<\/p>\n","protected":false},"author":2,"featured_media":0,"parent":0,"menu_order":0,"comment_status":"closed","ping_status":"closed","template":"","meta":{"footnotes":""},"class_list":["post-89","page","type-page","status-publish","hentry"],"_links":{"self":[{"href":"https:\/\/www.werner-raetz.de\/index.php?rest_route=\/wp\/v2\/pages\/89","targetHints":{"allow":["GET"]}}],"collection":[{"href":"https:\/\/www.werner-raetz.de\/index.php?rest_route=\/wp\/v2\/pages"}],"about":[{"href":"https:\/\/www.werner-raetz.de\/index.php?rest_route=\/wp\/v2\/types\/page"}],"author":[{"embeddable":true,"href":"https:\/\/www.werner-raetz.de\/index.php?rest_route=\/wp\/v2\/users\/2"}],"replies":[{"embeddable":true,"href":"https:\/\/www.werner-raetz.de\/index.php?rest_route=%2Fwp%2Fv2%2Fcomments&post=89"}],"version-history":[{"count":191,"href":"https:\/\/www.werner-raetz.de\/index.php?rest_route=\/wp\/v2\/pages\/89\/revisions"}],"predecessor-version":[{"id":4361,"href":"https:\/\/www.werner-raetz.de\/index.php?rest_route=\/wp\/v2\/pages\/89\/revisions\/4361"}],"wp:attachment":[{"href":"https:\/\/www.werner-raetz.de\/index.php?rest_route=%2Fwp%2Fv2%2Fmedia&parent=89"}],"curies":[{"name":"wp","href":"https:\/\/api.w.org\/{rel}","templated":true}]}}

<div id="con-mitte-left">
<div id="c234" class="csc-default">
<h1>Die neueste ila</h1>
<div class="csc-textpic-text">
<p>hat den Schwerpunkt &#8222;<a href="https://www.ila-web.de/de">CRIC</a> &#8211; undigene Bewegung des Cauca&#8220; . Die letzte hatte den Schwerpunkt &#8222;<a href="https://www.ila-web.de/de/editions/359">Suriname</a>&#8222;, die nächste &#8222;Humor&#8220; und erscheint Ende der 50. KW 2025</p>
<p>&nbsp;</p>
</div>
</div>
</div>
<div id="con-mitte-left">
<div id="c390" class="csc-default">
<h1>Attac AG genug für alle</h1>
<p>Videokonferenz jeden ersten Montag im Monat um 19.00 Uhr, die nächste am Montag, den 5. Januar 2026</p>
</div>
</div>
<p>&nbsp;</p>
<h1>Attac-Kampagne Rohstoffenergiehunger</h1>
<p>trifft sich alle 14 Tage  mittwochs online um 17.00 Uhr, das nächste Mal am 7. Januar 2026</p>
<p>Genaueres <a href="https://www.attac.de/kampagnen/lithium-raub">hier</a></p>
<p>&nbsp;</p>
<div id="con-mitte-left">
<div id="c391" class="csc-default">
<h1>Attac AG Mobilität für alle</h1>
<p><a class="external-link-new-window" title="Opens external link in new window" href="http://www.attac-netzwerk.de/jenseits-des-wachstums/" target="_blank" rel="noopener noreferrer">Web</a></p>
<p>&nbsp;</p>
</div>
</div>
<div id="con-mitte-left">
<div id="c466" class="csc-default">
<h1>Attac AG Soziale Sicherungssysteme</h1>
<p>VK auf Verabredung</p>
</div>
</div>
<div id="con-mitte-left">
<div id="c671" class="csc-default">
<h1>Aktuelles</h1>
<p>Die <a href="https://www.ila-web.de/de">ila-Webseite</a> ist völlig überarbeitet und neu gestaltet</p>
<p>&nbsp;</p>
</div>
</div>

<p>Die neueste ila hat den Schwerpunkt &#8222;CRIC &#8211; undigene Bewegung des Cauca&#8220; . Die letzte hatte den Schwerpunkt &#8222;Suriname&#8222;, die nächste &#8222;Humor&#8220; und erscheint Ende der 50. KW 2025 &nbsp; Attac AG genug für alle Videokonferenz jeden ersten Montag im Monat um 19.00 Uhr, die nächste am Montag, den 5. Januar 2026 &nbsp; Attac-Kampagne Rohstoffenergiehunger&#8230;</p>
