{"id":68,"date":"2020-01-05T17:08:08","date_gmt":"2020-01-05T17:08:08","guid":{"rendered":"https:\/\/werner.nico-wehnemann.de\/?page_id=68"},"modified":"2020-01-05T17:08:08","modified_gmt":"2020-01-05T17:08:08","slug":"anekdoten","status":"publish","type":"page","link":"https:\/\/www.werner-raetz.de\/?page_id=68","title":{"rendered":"Anekdoten"},"content":{"rendered":"<div id=\"con-mitte-left\">\n<div id=\"c482\" class=\"csc-default\">\n<h1>Entspannung<\/h1>\n<p>ist in vielerlei Form m\u00f6glich und immer auf ihre Art sinnvoll, mir fehlt trotzdem oft die Zeit dazu, wenn ich sehr viel unterwegs bin. Wie bei vielen Anderen, denen das so geht, hilft oft ein Denkspiel wie Sudoku. Aber immer und noch besser geht\u00a0<a href=\"http:\/\/www.str8ts.de\/\" target=\"_blank\" rel=\"noopener noreferrer\">http:\/\/www.str8ts.de\/<\/a><\/p>\n<\/div>\n<\/div>\n<div id=\"con-mitte-left\">\n<div id=\"c512\" class=\"csc-default\">\n<h1>Fu\u00dfball<\/h1>\n<p>Als ich als Kind begann, mich f\u00fcr Fu\u00dfball zu interessieren, gab es noch keine Bundesliga, sondern vier Regionalligen. Der einzige Verein aus der S\u00fcdwestliga, der dann in der Bundesliga blieb, war der 1. FC Kaiserslautern. Sp\u00e4ter mochte ich Borussia M\u00f6nchengladbach wegen ihrer Art, Fu\u00dfball zu spielen. Und dann auch noch Mainz 05, wegen beidem, dem Spiel und dem S\u00fcdwesten. Das ist praktisch: Bei drei Vereinen kann &#8222;deiner&#8220; praktisch jedes Wochenende gewinnen &#8211; allerdings verlieren auch.<\/p>\n<\/div>\n<\/div>\n<div id=\"con-mitte-left\">\n<div id=\"c306\" class=\"csc-default\">\n<h1>Parteien<\/h1>\n<p>hatte ich immer mal wieder einen Flirt mit, aber so richtig warm wurden wir nie. Ich war von 1968 bis irgendwann in den 70er-Jahren bei der CDU, von 1980 bis irgendwann 1982 bei den Gr\u00fcnen und von 1989 bis irgendwann 1990 bei der Linken Liste\/PDS Mitglied. Genutzt hat es nichts.<\/p>\n<\/div>\n<\/div>\n<div id=\"con-mitte-left\">\n<div id=\"c307\" class=\"csc-default\">\n<h1>Widerspr\u00fcche<\/h1>\n<p>sind im Leben manchmal erstaunlich. Ich war 1978 gleichzeitig Sprecher der Bonner Friedenswoche und mangels Alternative zum Geldverdienen in einer Fabrik\u00a0besch\u00e4ftigt, die v.a. f\u00fcr die Bundeswehr produzierte. Nach einer eher &#8222;weiblichen&#8220; Erwerbsbiografie muss ich so gut es geht privat ein wenig f\u00fcr die Altersversorgung zur\u00fccklegen und verdiene (ebenfalls wenig) Geld u.a. mit Vortr\u00e4gen gegen die Privatisierung der Rente.<\/p>\n<\/div>\n<\/div>\n","protected":false},"excerpt":{"rendered":"<p>Entspannung ist in vielerlei Form m\u00f6glich und immer auf ihre Art sinnvoll, mir fehlt trotzdem oft die Zeit dazu, wenn ich sehr viel unterwegs bin. Wie bei vielen Anderen, denen das so geht, hilft oft ein Denkspiel wie Sudoku. Aber immer und noch besser geht\u00a0http:\/\/www.str8ts.de\/ Fu\u00dfball Als ich als Kind begann, mich f\u00fcr Fu\u00dfball zu&#8230;<\/p>\n","protected":false},"author":2,"featured_media":0,"parent":66,"menu_order":0,"comment_status":"closed","ping_status":"closed","template":"","meta":{"footnotes":""},"class_list":["post-68","page","type-page","status-publish","hentry"],"_links":{"self":[{"href":"https:\/\/www.werner-raetz.de\/index.php?rest_route=\/wp\/v2\/pages\/68","targetHints":{"allow":["GET"]}}],"collection":[{"href":"https:\/\/www.werner-raetz.de\/index.php?rest_route=\/wp\/v2\/pages"}],"about":[{"href":"https:\/\/www.werner-raetz.de\/index.php?rest_route=\/wp\/v2\/types\/page"}],"author":[{"embeddable":true,"href":"https:\/\/www.werner-raetz.de\/index.php?rest_route=\/wp\/v2\/users\/2"}],"replies":[{"embeddable":true,"href":"https:\/\/www.werner-raetz.de\/index.php?rest_route=%2Fwp%2Fv2%2Fcomments&post=68"}],"version-history":[{"count":0,"href":"https:\/\/www.werner-raetz.de\/index.php?rest_route=\/wp\/v2\/pages\/68\/revisions"}],"up":[{"embeddable":true,"href":"https:\/\/www.werner-raetz.de\/index.php?rest_route=\/wp\/v2\/pages\/66"}],"wp:attachment":[{"href":"https:\/\/www.werner-raetz.de\/index.php?rest_route=%2Fwp%2Fv2%2Fmedia&parent=68"}],"curies":[{"name":"wp","href":"https:\/\/api.w.org\/{rel}","templated":true}]}}