{"id":46,"date":"2020-01-05T17:01:41","date_gmt":"2020-01-05T17:01:41","guid":{"rendered":"https:\/\/werner.nico-wehnemann.de\/?page_id=46"},"modified":"2020-07-28T18:46:01","modified_gmt":"2020-07-28T16:46:01","slug":"freihandel","status":"publish","type":"page","link":"https:\/\/www.werner-raetz.de\/?page_id=46","title":{"rendered":"Freihandel"},"content":{"rendered":"<div id=\"con-mitte-left\">\n<div id=\"c592\" class=\"csc-default\">\n<p><b>Von \u201e<a class=\"download\" title=\"Initiates file download\" href=\"\/fileadmin\/user_upload\/Autor\/Freihandel\/TTIP_etc_ila.pdf\">eingebauten Tagesordnungen<\/a>\u201c und \u201erichtig guten\u00a0\u00a0Dienstleistungsfreunden\u201c<\/b>\u00a0aus: ila Nr. 410 &#8222;Freihandel&#8220; November 2017<\/p>\n<p>Brosch\u00fcre: &#8222;Die wirklich falschen Freunde&#8220; CETA\u00a0 TTIP\u00a0 TiSA<\/p>\n<p><a class=\"download\" title=\"Initiates file download\" href=\"\/fileadmin\/user_upload\/Autor\/Freihandel\/altermativen_end.pdf\">Alternativen<\/a><\/p>\n<p><a class=\"download\" title=\"Initiates file download\" href=\"\/fileadmin\/user_upload\/Autor\/Freihandel\/katastrophen_en.pdf\">Vier Katastrophen<\/a><\/p>\n<p><a class=\"download\" title=\"Initiates file download\" href=\"\/fileadmin\/user_upload\/Autor\/Freihandel\/Rueckschlaege_end.pdf\">R\u00fcckschl\u00e4ge<\/a><\/p>\n<p><a class=\"download\" title=\"Initiates file download\" href=\"\/fileadmin\/user_upload\/Autor\/Freihandel\/Schweiz_end.pdf\">Schweiz<\/a><\/p>\n<p><strong>TTIP ist schon ein <a href=\"https:\/\/clausstille.blog\/2014\/11\/\">dicker<\/a>, TiSA ein r\u00e4udiger Hund<\/strong>, Freihandelsveranstaltung in Dortmund am 18.11.2014<\/p>\n<\/div>\n<\/div>\n<div id=\"con-mitte-left\">\n<div id=\"c648\" class=\"csc-default\">\n<p><a class=\"download\" title=\"Initiates file download\" href=\"\/fileadmin\/user_upload\/Autor\/Freihandel\/TTIP__und_Freihandel.pdf\"><strong>TTIP\u00a0<\/strong><\/a>ist ein Schritt auf einem langen Weg, der mit den Lehren aus zwei Weltkriegen und der gro\u00dfen Weltwirtschaftskrise der 30er-Jahre des 20. Jahrhunderts und dem Traum von einer Welt ohne Krieg und Krisen begann und mitten im neoliberalen Albtraum enden soll.<\/p>\n<\/div>\n<\/div>\n","protected":false},"excerpt":{"rendered":"<p>Von \u201eeingebauten Tagesordnungen\u201c und \u201erichtig guten\u00a0\u00a0Dienstleistungsfreunden\u201c\u00a0aus: ila Nr. 410 &#8222;Freihandel&#8220; November 2017 Brosch\u00fcre: &#8222;Die wirklich falschen Freunde&#8220; CETA\u00a0 TTIP\u00a0 TiSA Alternativen Vier Katastrophen R\u00fcckschl\u00e4ge Schweiz TTIP ist schon ein dicker, TiSA ein r\u00e4udiger Hund, Freihandelsveranstaltung in Dortmund am 18.11.2014 TTIP\u00a0ist ein Schritt auf einem langen Weg, der mit den Lehren aus zwei Weltkriegen und der&#8230;<\/p>\n","protected":false},"author":2,"featured_media":0,"parent":26,"menu_order":0,"comment_status":"closed","ping_status":"closed","template":"","meta":{"footnotes":""},"class_list":["post-46","page","type-page","status-publish","hentry"],"_links":{"self":[{"href":"https:\/\/www.werner-raetz.de\/index.php?rest_route=\/wp\/v2\/pages\/46","targetHints":{"allow":["GET"]}}],"collection":[{"href":"https:\/\/www.werner-raetz.de\/index.php?rest_route=\/wp\/v2\/pages"}],"about":[{"href":"https:\/\/www.werner-raetz.de\/index.php?rest_route=\/wp\/v2\/types\/page"}],"author":[{"embeddable":true,"href":"https:\/\/www.werner-raetz.de\/index.php?rest_route=\/wp\/v2\/users\/2"}],"replies":[{"embeddable":true,"href":"https:\/\/www.werner-raetz.de\/index.php?rest_route=%2Fwp%2Fv2%2Fcomments&post=46"}],"version-history":[{"count":5,"href":"https:\/\/www.werner-raetz.de\/index.php?rest_route=\/wp\/v2\/pages\/46\/revisions"}],"predecessor-version":[{"id":1043,"href":"https:\/\/www.werner-raetz.de\/index.php?rest_route=\/wp\/v2\/pages\/46\/revisions\/1043"}],"up":[{"embeddable":true,"href":"https:\/\/www.werner-raetz.de\/index.php?rest_route=\/wp\/v2\/pages\/26"}],"wp:attachment":[{"href":"https:\/\/www.werner-raetz.de\/index.php?rest_route=%2Fwp%2Fv2%2Fmedia&parent=46"}],"curies":[{"name":"wp","href":"https:\/\/api.w.org\/{rel}","templated":true}]}}