{"id":38,"date":"2020-01-05T16:58:54","date_gmt":"2020-01-05T16:58:54","guid":{"rendered":"https:\/\/werner.nico-wehnemann.de\/?page_id=38"},"modified":"2026-03-02T09:55:23","modified_gmt":"2026-03-02T08:55:23","slug":"krise","status":"publish","type":"page","link":"https:\/\/www.werner-raetz.de\/?page_id=38","title":{"rendered":"Krise"},"content":{"rendered":"<div id=\"con-mitte-left\">\n<div id=\"c607\" class=\"csc-default\">\n<p><a href=\"http:\/\/www.werner-raetz.de\/wp-content\/uploads\/2026\/03\/nss.pdf\"><strong>Nationale Sicherheitsstrategie<\/strong><\/a> der USA 2025, Kurzeinsch\u00e4tzung f\u00fcr die Webseite der <a href=\"https:\/\/www.ila-web.de\/de\/aktuell\/aktuelles\">ila<\/a> nach dem US-\u00dcberfall auf Venezuela Anfang Januar 2026<\/p>\n<p><strong><a href=\"http:\/\/www.werner-raetz.de\/wp-content\/uploads\/2025\/05\/ila-485-Werner-Raetz-Trumps-Zollpolitik.pdf\">Trumps Zollpolitik<\/a>: Da muss doch eine Strategie hinter stecken.<\/strong> \u00dcber Sinn und Unsinn der immer h\u00f6heren und umfassenderen US-Z\u00f6lle, ila Nr. 485 Mai 2025<\/p>\n<p><strong>Globalisierung und Globalisierungskritik: <a href=\"http:\/\/www.werner-raetz.de\/wp-content\/uploads\/2021\/11\/globalisierungskritik-auf-der-hoehe.pdf\">auf derH\u00f6he der Zeit?<\/a><\/strong> Einige Stichworte aus einer m\u00fcndlichen Diskussion im Koordinierungskreis von Attac Deutschland, November 2021<\/p>\n<p><b><a href=\"http:\/\/www.werner-raetz.de\/wp-content\/uploads\/2020\/05\/was-ist-wichtig.pdf\">Was ist wichtig<\/a> <\/b>Mitten in der Coronakrisezeigt sich Erstaunliches, besteht doch der unmittelbare Zweck vieler Krisenma\u00dfnahmen darin, Menschen (und Unternehmen) mit Geld zu versorgen, die ihren sonstigen Zugang dazu verloren haben oder zu verlieren drohen. Ohne Geld ist offenbar im Kapitalismus kein \u00dcberleben m\u00f6glich. Kommentar f\u00fcr Sol-Magazin Nr. 180, Mai 2020<\/p>\n<p><strong>Gro\u00dfe <a href=\"http:\/\/www.werner-raetz.de\/wp-content\/uploads\/2024\/03\/Reichtumsansprueche.pdf\">Reichtumsanspr\u00fcche<\/a> und das Geld kleiner Leute.<\/strong> \u00dcber die zwei Formen des gesellschaftlichen Reichtums, aus: ila 396, September 2016<\/p>\n<p><a class=\"download\" title=\"Initiates file download\" href=\"\/fileadmin\/user_upload\/Autor\/krise\/SKSV_Regeln_nach_Brexit.pdf\"><b>Das europ\u00e4ische Regelwerk f\u00fcr Haushaltsdefizite und Staatsverschulung\u00a0<\/b><\/a>ist eigentlich eindeutig. Dennoch gibt es ein gro\u00dfes Z\u00f6gern bei seiner Anwendung, wie die aktuelle Debatte um m\u00f6gliche Strafen f\u00fcr Spanien und Portugal zeigen.<\/p>\n<p><strong><a href=\"http:\/\/www.werner-raetz.de\/wp-content\/uploads\/2024\/03\/Keine-Demokratie-nirgends.pdf\">Keine Demokratie, nirgends<\/a>.<\/strong> Text zu EU-Krisenmanagement f\u00fcr eine geplante EU-Brosch\u00fcre von Attac Herbst 2014<\/p>\n<\/div>\n<\/div>\n<div id=\"con-mitte-left\">\n<div id=\"c561\" class=\"csc-default\">\n<p><b><a class=\"download\" title=\"Initiates file download\" href=\"\/fileadmin\/user_upload\/Autor\/krise\/Luxemburg_Gebrauchswerte.pdf\">Von der Zweifelhaftigkeit der Gebrauchswerte im Kapitalismus<\/a>.<\/b>\u00a0W\u00e4hrend Rosa Luxemburg als politische Aktivistin und Autorin vielfach gew\u00fcrdigt wurde und auch gro\u00dfe Teile der organisierten Arbeiterbewegung sich zumindest verbal immer wieder auf sie beriefen, und zwar in beiden Fl\u00fcgeln, dem sozialdemokratischen wie dem kommunistischen, ist ihr \u00f6konomisches Denken bis heute eher umstritten, wenn nicht g\u00e4nzlich vergessen. Text f\u00fcr das Projekt 100 Jahre &#8222;<a class=\"external-link-new-window\" title=\"Opens external link in new window\" href=\"http:\/\/kapacc.blog.rosalux.de\/2014\/03\/09\/werner-ratz-von-der-zweifelhaftigkeit-der-gebrauchswerte-im-kapitalismus\/\" target=\"_blank\" rel=\"noopener noreferrer\"><b>Akkumulation des Kapitals<\/b><\/a>&#8220; der RLS<\/p>\n<\/div>\n<\/div>\n<div id=\"con-mitte-left\">\n<div id=\"c532\" class=\"csc-default\">\n<p><b><a class=\"download\" title=\"Initiates file download\" href=\"\/fileadmin\/user_upload\/Autor\/krise\/Pro_Vermoegensabgabe_IWF_.pdf\">Anspr\u00fcche entwerten<\/a>!<\/b>\u00a0Das \u00fcberraschende Planspiel des IWF ist die logische Konsequenz aus der globalen Finanzkrise, denn die Schulden k\u00f6nnen nicht mehr getilgt werden.\u00a0<a class=\"external-link-new-window\" title=\"Opens external link in new window\" href=\"http:\/\/jungle-world.com\/inhalt\/\" target=\"_blank\" rel=\"noopener noreferrer\">jungle world disko 21.11.2013<\/a><\/p>\n<\/div>\n<\/div>\n<div id=\"con-mitte-left\">\n<div id=\"c515\" class=\"csc-default\">\n<p><a class=\"download\" title=\"Initiates file download\" href=\"\/fileadmin\/user_upload\/Autor\/krise\/der_euro_ist_nicht_das_problem.pdf\"><b>Der Euro ist nicht das Problem<\/b><\/a>. Eine Diskussion in der Linken \u00fcber die Aufl\u00f6sung der Eurozone ist keine gute Idee, gemeinsamer Text mit Karsten Peters in Attac-Rundbrief 3\/2013<\/p>\n<\/div>\n<\/div>\n<div id=\"con-mitte-left\">\n<div id=\"c477\" class=\"csc-default\">\n<p>Attac braucht im Umgang mit der kapitalistischen Systemkrise eine zusammenh\u00e4ngende Strategie, die die\u00a0<b><a class=\"download\" title=\"Initiates file download\" href=\"\/fileadmin\/user_upload\/Autor\/krise\/Umverteilenbroschuere_Nov._2012.pdf\">soziale Frage als Kern der Globalisierung(skritik)<\/a><\/b>\u00a0indentifiziert. Beitrag f\u00fcr die Brosch\u00fcre Umverteilen!, Oktober 2012<\/p>\n<\/div>\n<\/div>\n<div id=\"con-mitte-left\">\n<div id=\"c388\" class=\"csc-default\">\n<p><b>Bedingungsloses Grundeinkommen und\u00a0<a class=\"download\" title=\"Initiates file download\" href=\"\/fileadmin\/user_upload\/Autor\/bge\/grundeinkommen_und_krise_2012.pdf\">Krise<\/a><\/b>, Beitrag in Blaschke et al., Grundeinkommen. Von der Idee zu einer europ\u00e4ischen politischen Bewegung, vsa-Verlag 2012 (unter\u00a0<a class=\"external-link-new-window\" title=\"Opens external link in new window\" href=\"http:\/\/www.rosalux.de\/fileadmin\/rls_uploads\/pdfs\/sonst_publikationen\/VSA_Blaschke_ua_Grundeinkommen.pdf\" target=\"_blank\" rel=\"noopener noreferrer\">CC-Lizenz<\/a>)<\/p>\n<\/div>\n<\/div>\n<div id=\"con-mitte-left\">\n<div id=\"c375\" class=\"csc-default\">\n<p><b>F\u00fcr Schrumpfung, Konjunktureinbruch und Krise!<\/b>\u00a0Diskussionsbeitrag Attac\u00a0<a class=\"download\" title=\"Initiates file download\" href=\"\/fileadmin\/user_upload\/Autor\/krise\/EU-Kirsenprogramme.pdf\">Rundbrief\u00a0<\/a>1\/2012<\/p>\n<\/div>\n<\/div>\n<div id=\"con-mitte-left\">\n<div id=\"c376\" class=\"csc-default\">\n<p><b>Die \u00d6konomie als Kriegsmotor<\/b>\u00a0\u2013 Perspektiven zu ihrer Befriedung, Thesen zum Vortrag bei der\u00a0<a class=\"download\" title=\"Initiates file download\" href=\"\/fileadmin\/user_upload\/Autor\/krise\/Thesen_Krieg_Magdeburg.pdf\">Strategiekonferenz\u00a0<\/a>&#8222;\u00d6konomie und Krieg&#8220; Februar 2012<\/p>\n<\/div>\n<\/div>\n<div id=\"con-mitte-left\">\n<div id=\"c374\" class=\"csc-default\">\n<p><b>Finanzkrise: Sie (m\u00fcssen sich) entscheiden!<\/b>\u00a0<a class=\"download\" title=\"Initiates file download\" href=\"\/fileadmin\/user_upload\/Autor\/krise\/fluglabtt_krise_entscheiden.pdf\">Flugblatt\u00a0<\/a>Fr\u00fchjahr 2010<\/p>\n<\/div>\n<\/div>\n<div id=\"con-mitte-left\">\n<div id=\"c373\" class=\"csc-default\">\n<p><b>\u00a0Banken und Bildung<\/b>, werden Sie fragen, was haben die denn miteinander zu tun? &#8222;<a class=\"download\" title=\"Initiates file download\" href=\"\/fileadmin\/user_upload\/Autor\/krise\/Vorlesung_Banken.pdf\">Vorlesung<\/a>&#8220; zum Bankenaktionstag September 2009<\/p>\n<\/div>\n<\/div>\n<div id=\"con-mitte-left\">\n<div id=\"c372\" class=\"csc-default\">\n<p><b>Die arm gemachten\u00a0<a class=\"download\" title=\"Initiates file download\" href=\"\/fileadmin\/user_upload\/Autor\/krise\/FaQDie_Krise_und_die_Laender_des_Suedens.pdf\">L\u00e4nder des S\u00fcdens<\/a><\/b><a class=\"download\" title=\"Initiates file download\" href=\"\/fileadmin\/user_upload\/Autor\/krise\/FaQDie_Krise_und_die_Laender_des_Suedens.pdf\">\u00a0<\/a>sind in ganz unterschiedlicher Weise in die kapitalistische Globalisierung einbezogen und damit auch nicht in gleicher Weise von der Krise betroffen. FaQ Attac-Webseite Mai 2009<\/p>\n<\/div>\n<\/div>\n<div id=\"con-mitte-left\">\n<div id=\"c371\" class=\"csc-default\">\n<p>Was hat\u00a0<b>die\u00a0<a class=\"download\" title=\"Initiates file download\" href=\"\/fileadmin\/user_upload\/Autor\/krise\/Inwertsetzung_und_Krise.pdf\">Vermarktung\u00a0<\/a>immer neuer Lebensbereiche<\/b>\u00a0mit dem Kapitalismus und seiner Krise zu tun? Workshop Attac-Kapitalismuskongress Mai 2009<\/p>\n<\/div>\n<\/div>\n<div id=\"con-mitte-left\">\n<div id=\"c370\" class=\"csc-default\">\n<p><b>Rosa Luxemburgs Theorie der\u00a0<a class=\"download\" title=\"Initiates file download\" href=\"\/fileadmin\/user_upload\/Autor\/krise\/Luxemburg_Landnahme.pdf\">kapitalistischen Landnahme<\/a><\/b>\u00a0zeigt die systemischen Schranken der Kapitalakkumulation; Brosch\u00fcre Solid! und ALB Berlin<\/p>\n<\/div>\n<\/div>\n<div id=\"con-mitte-left\">\n<div id=\"c369\" class=\"csc-default\">\n<p><b>Mit einem bge als demokratischem\u00a0<a class=\"download\" title=\"Initiates file download\" href=\"\/fileadmin\/user_upload\/Autor\/krise\/demokratisches_UEbergangsprojekt.pdf\">\u00dcbergangsprojekt aus der Krise<\/a><\/b>, \u00dcberlegungen im Fr\u00fchjahr 2009<\/p>\n<\/div>\n<\/div>\n<div id=\"con-mitte-left\">\n<div id=\"c368\" class=\"csc-default\">\n<p><b>Die\u00a0<a class=\"download\" title=\"Initiates file download\" href=\"\/fileadmin\/user_upload\/Autor\/krise\/Krisenvortrag_kurz.pdf\">globale Krise<\/a>\u00a0des Kapitalismus<\/b>, Kurzfassung des Vortrages, erstmals Attac-Ratschlag Oktober 2008<\/p>\n<\/div>\n<\/div>\n","protected":false},"excerpt":{"rendered":"<p>Nationale Sicherheitsstrategie der USA 2025, Kurzeinsch\u00e4tzung f\u00fcr die Webseite der ila nach dem US-\u00dcberfall auf Venezuela Anfang Januar 2026 Trumps Zollpolitik: Da muss doch eine Strategie hinter stecken. \u00dcber Sinn und Unsinn der immer h\u00f6heren und umfassenderen US-Z\u00f6lle, ila Nr. 485 Mai 2025 Globalisierung und Globalisierungskritik: auf derH\u00f6he der Zeit? Einige Stichworte aus einer m\u00fcndlichen&#8230;<\/p>\n","protected":false},"author":2,"featured_media":0,"parent":26,"menu_order":0,"comment_status":"closed","ping_status":"closed","template":"","meta":{"footnotes":""},"class_list":["post-38","page","type-page","status-publish","hentry"],"_links":{"self":[{"href":"https:\/\/www.werner-raetz.de\/index.php?rest_route=\/wp\/v2\/pages\/38","targetHints":{"allow":["GET"]}}],"collection":[{"href":"https:\/\/www.werner-raetz.de\/index.php?rest_route=\/wp\/v2\/pages"}],"about":[{"href":"https:\/\/www.werner-raetz.de\/index.php?rest_route=\/wp\/v2\/types\/page"}],"author":[{"embeddable":true,"href":"https:\/\/www.werner-raetz.de\/index.php?rest_route=\/wp\/v2\/users\/2"}],"replies":[{"embeddable":true,"href":"https:\/\/www.werner-raetz.de\/index.php?rest_route=%2Fwp%2Fv2%2Fcomments&post=38"}],"version-history":[{"count":10,"href":"https:\/\/www.werner-raetz.de\/index.php?rest_route=\/wp\/v2\/pages\/38\/revisions"}],"predecessor-version":[{"id":4441,"href":"https:\/\/www.werner-raetz.de\/index.php?rest_route=\/wp\/v2\/pages\/38\/revisions\/4441"}],"up":[{"embeddable":true,"href":"https:\/\/www.werner-raetz.de\/index.php?rest_route=\/wp\/v2\/pages\/26"}],"wp:attachment":[{"href":"https:\/\/www.werner-raetz.de\/index.php?rest_route=%2Fwp%2Fv2%2Fmedia&parent=38"}],"curies":[{"name":"wp","href":"https:\/\/api.w.org\/{rel}","templated":true}]}}