{"id":126,"date":"2020-01-05T17:33:37","date_gmt":"2020-01-05T17:33:37","guid":{"rendered":"https:\/\/werner.nico-wehnemann.de\/?page_id=126"},"modified":"2020-01-05T17:33:37","modified_gmt":"2020-01-05T17:33:37","slug":"impressum-datenschutz","status":"publish","type":"page","link":"https:\/\/www.werner-raetz.de\/?page_id=126","title":{"rendered":"Impressum &#038; Datenschutz"},"content":{"rendered":"<h1>Impressum<\/h1>\n<p>Angaben gem\u00e4\u00df \u00a7 5 TMG:<\/p>\n<p><b>Werner R\u00e4tz<\/b><br \/>\nJagdweg 49<br \/>\n53115 Bonn<\/p>\n<p>E-Mail:\u00a0<a>Werner.Raetz(at)t-online.de<\/a><\/p>\n<h1>Datenschutz<\/h1>\n<h4>Datenschutzerkl\u00e4rung<\/h4>\n<p>Wir freuen uns sehr \u00fcber Ihr Interesse an meiner Webseite. Datenschutz hat einen besonders hohen Stellenwert f\u00fcr mich. Eine Nutzung der Internetseiten www.Werner-raetz.de ist grunds\u00e4tzlich ohne jede Angabe personenbezogener Daten m\u00f6glich.<\/p>\n<p>Die Verarbeitung personenbezogener Daten findet nicht statt.<\/p>\n<p>Die Werner-raetz.de hat als f\u00fcr die Verarbeitung Verantwortlicher zahlreiche technische und organisatorische Ma\u00dfnahmen umgesetzt, um einen m\u00f6glichst l\u00fcckenlosen Schutz der \u00fcber diese Internetseite verarbeiteten personenbezogenen Daten sicherzustellen. Dennoch k\u00f6nnen Internetbasierte Daten\u00fcbertragungen grunds\u00e4tzlich Sicherheitsl\u00fccken aufweisen, sodass ein absoluter Schutz nicht gew\u00e4hrleistet werden kann. Aus diesem Grund steht es jeder betroffenen Person frei, personenbezogene Daten auch auf alternativen Wegen, beispielsweise telefonisch, an uns zu \u00fcbermitteln.<\/p>\n<h4>1. Name und Anschrift des f\u00fcr die Verarbeitung Verantwortlichen<\/h4>\n<p>Verantwortlicher im Sinne der Datenschutz-Grundverordnung, sonstiger in den Mitgliedstaaten der Europ\u00e4ischen Union geltenden Datenschutzgesetze und anderer Bestimmungen mit datenschutzrechtlichem Charakter ist die:<\/p>\n<p>Werner-raetz.de<\/p>\n<p>Jagdweg 49<\/p>\n<p>53115 Bonn<\/p>\n<p>Deutschland<\/p>\n<p>Tel.: 06990028110<\/p>\n<p>E-Mail: Werner.Raetz@t-online.de<\/p>\n<p>Website: www.werner-raetz.de<\/p>\n<h4>2. Erfassung von allgemeinen Daten und Informationen<\/h4>\n<p>Es findet keine Erfassung von Daten statt.<\/p>\n","protected":false},"excerpt":{"rendered":"<p>Impressum Angaben gem\u00e4\u00df \u00a7 5 TMG: Werner R\u00e4tz Jagdweg 49 53115 Bonn E-Mail:\u00a0Werner.Raetz(at)t-online.de Datenschutz Datenschutzerkl\u00e4rung Wir freuen uns sehr \u00fcber Ihr Interesse an meiner Webseite. Datenschutz hat einen besonders hohen Stellenwert f\u00fcr mich. Eine Nutzung der Internetseiten www.Werner-raetz.de ist grunds\u00e4tzlich ohne jede Angabe personenbezogener Daten m\u00f6glich. Die Verarbeitung personenbezogener Daten findet nicht statt. Die Werner-raetz.de&#8230;<\/p>\n","protected":false},"author":2,"featured_media":0,"parent":0,"menu_order":0,"comment_status":"closed","ping_status":"closed","template":"","meta":{"footnotes":""},"class_list":["post-126","page","type-page","status-publish","hentry"],"_links":{"self":[{"href":"https:\/\/www.werner-raetz.de\/index.php?rest_route=\/wp\/v2\/pages\/126","targetHints":{"allow":["GET"]}}],"collection":[{"href":"https:\/\/www.werner-raetz.de\/index.php?rest_route=\/wp\/v2\/pages"}],"about":[{"href":"https:\/\/www.werner-raetz.de\/index.php?rest_route=\/wp\/v2\/types\/page"}],"author":[{"embeddable":true,"href":"https:\/\/www.werner-raetz.de\/index.php?rest_route=\/wp\/v2\/users\/2"}],"replies":[{"embeddable":true,"href":"https:\/\/www.werner-raetz.de\/index.php?rest_route=%2Fwp%2Fv2%2Fcomments&post=126"}],"version-history":[{"count":0,"href":"https:\/\/www.werner-raetz.de\/index.php?rest_route=\/wp\/v2\/pages\/126\/revisions"}],"wp:attachment":[{"href":"https:\/\/www.werner-raetz.de\/index.php?rest_route=%2Fwp%2Fv2%2Fmedia&parent=126"}],"curies":[{"name":"wp","href":"https:\/\/api.w.org\/{rel}","templated":true}]}}

<h1>Impressum</h1>
<p>Angaben gemäß § 5 TMG:</p>
<p><b>Werner Rätz</b><br />
Jagdweg 49<br />
53115 Bonn</p>
<p>E-Mail: <a>Werner.Raetz(at)t-online.de</a></p>
<h1>Datenschutz</h1>
<h4>Datenschutzerklärung</h4>
<p>Wir freuen uns sehr über Ihr Interesse an meiner Webseite. Datenschutz hat einen besonders hohen Stellenwert für mich. Eine Nutzung der Internetseiten www.Werner-raetz.de ist grundsätzlich ohne jede Angabe personenbezogener Daten möglich.</p>
<p>Die Verarbeitung personenbezogener Daten findet nicht statt.</p>
<p>Die Werner-raetz.de hat als für die Verarbeitung Verantwortlicher zahlreiche technische und organisatorische Maßnahmen umgesetzt, um einen möglichst lückenlosen Schutz der über diese Internetseite verarbeiteten personenbezogenen Daten sicherzustellen. Dennoch können Internetbasierte Datenübertragungen grundsätzlich Sicherheitslücken aufweisen, sodass ein absoluter Schutz nicht gewährleistet werden kann. Aus diesem Grund steht es jeder betroffenen Person frei, personenbezogene Daten auch auf alternativen Wegen, beispielsweise telefonisch, an uns zu übermitteln.</p>
<h4>1. Name und Anschrift des für die Verarbeitung Verantwortlichen</h4>
<p>Verantwortlicher im Sinne der Datenschutz-Grundverordnung, sonstiger in den Mitgliedstaaten der Europäischen Union geltenden Datenschutzgesetze und anderer Bestimmungen mit datenschutzrechtlichem Charakter ist die:</p>
<p>Werner-raetz.de</p>
<p>Jagdweg 49</p>
<p>53115 Bonn</p>
<p>Deutschland</p>
<p>Tel.: 06990028110</p>
<p>E-Mail: Werner.Raetz@t-online.de</p>
<p>Website: www.werner-raetz.de</p>
<h4>2. Erfassung von allgemeinen Daten und Informationen</h4>
<p>Es findet keine Erfassung von Daten statt.</p>

<p>Impressum Angaben gemäß § 5 TMG: Werner Rätz Jagdweg 49 53115 Bonn E-Mail: Werner.Raetz(at)t-online.de Datenschutz Datenschutzerklärung Wir freuen uns sehr über Ihr Interesse an meiner Webseite. Datenschutz hat einen besonders hohen Stellenwert für mich. Eine Nutzung der Internetseiten www.Werner-raetz.de ist grundsätzlich ohne jede Angabe personenbezogener Daten möglich. Die Verarbeitung personenbezogener Daten findet nicht statt. Die Werner-raetz.de&#8230;</p>
